digit of w?
6
Let f = 848 + 3961. What is the hundreds digit of f?
8
Let o be 48/(-56)*4/((-8)/(-14)). Let s(y) = -2*y - 3. Let m be s(o). What is the tens digit of -10 + m - (-37)/1?
3
Let b(l) = -808*l - 813. Let s be b(-1). Let k(d) be the third derivative of -41*d**4/24 + 7*d**3/3 + d**2. What is the tens digit of k(s)?
1
Suppose 4*h + 384 = w, -13 = 2*h - 1. What is the hundreds digit of w?
3
Let l(z) = z**3 + 16*z**2 - 23*z - 31. Let r be l(-17). What is the hundreds digit of r/4*(47 + -19)?
4
Suppose 14 = -42*c + 35*c. What is the tens digit of (c + 3)/(2/(-3744)*-6)?
1
Suppose z - v - 8 = 0, 17*z + v + 23 = 21*z. Suppose -y + 20*x - 21*x + 1065 = 0, -z*x + 2139 = 2*y. What is the tens digit of y?
6
Suppose a - 319 = -3*m, -a + 2*m - 626 = -3*a. Suppose 0 = -29*j + 32*j - 240. Suppose 3*q - 2*g - a = -j, -100 = -q - 4*g. What is the tens digit of q?
8
Suppose 0 = -3*m + 2449 - 2452, -2*z = 5*m - 22833. What is the ten thousands digit of z?
1
Let d(j) = -6*j**2 - 34*j - 3. Let f(t) = t**2 + t + 1. Let s(l) = -d(l) - 7*f(l). Let z = 15 - 7. What is the tens digit of s(z)?
4
Let u(i) = 3*i + 4. Let l be u(-1). Suppose 5*c - l = 49. Suppose c*j = 1122 - 52. What is the tens digit of j?
0
Suppose -h - 49 = i + 1, 5*h = -4*i - 196. What is the units digit of -2*(-3)/i + (-5644)/(-9)?
7
Suppose 206 = -3*u - 3397. Let v = -694 - u. What is the units digit of v?
7
Let p(w) = -2*w**3 - 34*w**2 + 4*w + 71. Let t be p(-17). Suppose -22*d + 21*d = t*k - 628, 0 = 3*k - 15. What is the hundreds digit of d?
6
Suppose -68*v + 3732159 = 954427. What is the ten thousands digit of v?
4
Let z = 66678 + -37464. What is the hundreds digit of z?
2
Let t(x) = 152*x**2 + 378*x - 86. What is the hundreds digit of t(-24)?
3
Suppose -155 = -13*h - 116. What is the tens digit of (h + -59)*132/(-14) - -5?
3
Let f = -90892 + 153590. What is the hundreds digit of f?
6
Let j(s) be the second derivative of 199*s**5/10 - s**4/6 + s**3/2 - s**2/2 + 25*s. Let u be j(1). Let i = -222 + u. What is the hundreds digit of i?
1
Suppose -46*i + 317 = -45*i. Suppose 15*q - i = -3*z + 10*q, 0 = 3*z + 2*q - 305. What is the tens digit of z?
9
Let n(g) = 8*g - 9*g**2 + 19*g**2 - 9 - 11*g**2. Let z be n(6). What is the tens digit of -5 - -18 - (z - 2/2)?
1
Suppose -28023 + 106877 = 4*u + 3*x, 4*u - 78884 = 2*x. What is the units digit of u?
8
Let g(q) = q + 44. Let i(m) = -6*m**2 - 6*m + 14. Let b(c) = 7*c**2 + 6*c - 14. Let w(y) = 5*b(y) + 6*i(y). Let f be w(-6). What is the units digit of g(f)?
8
Suppose -34734 = -5*f + 494*u - 492*u, -5*u = -2*f + 13881. What is the thousands digit of f?
6
Suppose 287*m = 283*m - 3*b + 28770, -4*m - 2*b = -28772. What is the thousands digit of m?
7
Let n = 240 + -230. Suppose -n*g = 1308 - 6308. What is the units digit of g?
0
Let r(k) = -4*k - 66. Let t be r(-16). What is the tens digit of (-1 - 25)/(t*(-8)/(-128))?
0
What is the thousands digit of ((-20)/14)/(465/(-1874229))?
5
Suppose -191*s + 193*s - 5*k - 12083 = 0, 5*s = -5*k + 30295. What is the units digit of s?
4
Let y be (-8)/(-14) - -2*4028/14. Suppose -5*v + 149 = -y. Suppose -g = -2*g - 2, j - 4*g - v = 0. What is the hundreds digit of j?
1
What is the hundreds digit of (-85)/(1/(-2)*((-105)/12)/(-35))?
6
Let u(f) = -3*f**3 + f**2 - f + 250. Let h(v) = v**3 + 2. Let w(x) = 4*h(x) + u(x). Let m be (0 - 0) + 1 + -1. What is the hundreds digit of w(m)?
2
Let o = 9212 + -7242. What is the thousands digit of o?
1
Let x(v) = 2*v**3 + v**2 - 9*v + 2740. Let r be x(0). Suppose 3*c + 8 = -c. What is the hundreds digit of r/(-50)*(5/c - 0)?
1
Let f(y) = 3*y**2 + 4*y**3 + 3*y**2 - 23*y**3 - 41 + 20 - 5*y. What is the units digit of f(-4)?
1
Let b be 1836/119 - 12/28. Suppose -6*w + 21819 = b*w. What is the thousands digit of w?
1
Suppose -35557 = -11*c + 4703. Suppose g - 1498 + 279 = -2*u, -3*g - 5*u = -c. What is the hundreds digit of g?
2
Suppose -5*z + 45 = 20. Suppose q = -z*g + 2*g, -5*g = 2*q + 1. Let h(o) = 120*o**2 - o + 1. What is the tens digit of h(g)?
2
Let y = 105189 + -52421. What is the tens digit of y?
6
Suppose j + u - 6*u = 117, 5*j - 507 = -u. Let t = -41 + j. Suppose 4*c - 711 = t. What is the tens digit of c?
9
Let i(v) = 21*v + 5*v + 14*v - 3*v + v + 12. What is the tens digit of i(16)?
2
Let h(k) = 12*k + 7. Let b be h(-14). Let m = -46 - b. What is the units digit of m?
5
Let i = -136 + 133. Suppose 80*k - 764 = 76*k. What is the hundreds digit of (k/i)/((-29)/87)?
1
Suppose -14*b + 479315 + 28017 = 0. What is the tens digit of b?
3
Let x = 7525 + -2376. What is the tens digit of x?
4
Let n(q) = 11*q + 1189 - 53*q + 64*q. What is the thousands digit of n(0)?
1
Suppose 42*a = 366792 + 801102. What is the thousands digit of a?
7
What is the hundreds digit of (7/((-21)/(-18)) - (-15306 + 19)) + 4?
2
Let h(k) = -k**3 - 2*k**2 - 2*k - 8. Let x be h(-4). Let f = x + -27. Suppose 165 + 115 = f*l. What is the units digit of l?
6
Let f = 67 + -67. Suppose f*a - 6*a = -1110. Suppose -w + 6*w - a = 0. What is the units digit of w?
7
Let t = 10374 + -1130. What is the hundreds digit of t?
2
Let g = -103 - -1079. What is the hundreds digit of g/6 - (-7)/21?
1
Let i = 802 + 22272. What is the thousands digit of i?
3
What is the tens digit of (7/(-1) + 2)/(297550/(-27049) - -11)?
9
What is the thousands digit of (-10)/(12 - 151814/12649)?
4
Let p(r) = r**3 + 5*r**2 + 4. Let g be p(-5). Let j = 9 - g. What is the units digit of (3/j)/((-4)/(-20))?
3
Suppose -24 + 49 = -5*x. Let a be 31 - (-15)/x*-1. Suppose p - 57 = a. What is the tens digit of p?
9
Suppose -4*y + 13 = 1. Suppose -2*k - 4*l = -54, -y*k = -0*k + 4*l - 79. Let d = 32 + k. What is the tens digit of d?
5
Suppose -2 = t - 5. Suppose o = -0*l - l + 8, -4*l + t*o = 3. Suppose 4*k + 35 = -b + 86, l*k + 30 = b. What is the units digit of b?
9
Let s be 3/2*(-44 + 20). Let n(v) = v**2 - 23. Let u be n(0). Let t = u - s. What is the tens digit of t?
1
Let z = -6037 + 12096. What is the hundreds digit of z?
0
Suppose -3*b - o = -6, 0*b + 3*o = 3*b + 6. Let t be (-3)/9*(-2 - b). What is the tens digit of (-3)/6*-242 + (t - -2)?
2
Let z = 3105 + 6399. What is the units digit of z?
4
Let n be 1492*(91/(-14))/13. Let z = n - -1936. What is the units digit of z?
0
Suppose -10*z + 188*z = -66*z + 14862040. What is the units digit of z?
0
Let j = -3082 + 9356. What is the tens digit of j?
7
Let f be ((-10)/6)/(1 - 77/42). Suppose 645 = 3*s - f*t, 14*s = 11*s + 3*t + 642. What is the hundreds digit of s?
2
Suppose 10*b - 9*b + 4*d = 10573, -3*b + 2*d + 31649 = 0. What is the units digit of b?
3
Let s(a) = 37*a**2 + 19*a - 168. What is the thousands digit of s(-16)?
9
Let g(w) = -w**3 - 22*w**2 - 20*w + 13. Let z be g(-21). Let h(n) = n**2 + 5*n - 22. Let s be h(z). What is the tens digit of (3/2)/(s*3/316)?
7
Let q = -54 - -77. Suppose q*v - 5524 = 4228. What is the hundreds digit of v?
4
Suppose -14*d + 2*v + 8626 = -10*d, 3*d = 5*v + 6487. What is the units digit of d?
4
Let k(o) = o + 1. Let w be k(-1). Suppose q + 3*b - 76 = w, 5*b = 3*q - 8*q + 340. Suppose -q = -2*m - 56. What is the units digit of m?
4
Suppose -2*z - f + 1790 = 0, -5*z - 1689 = -f - 6157. What is the tens digit of z?
9
What is the tens digit of (-23)/(-3) + -6 + (-70911)/(-27)?
2
Let z = -61407 + 96161. What is the hundreds digit of z?
7
Suppose -2*v + 5*s = -176, 3*v + 3*s - 440 = -2*v. Suppose 5*d = -6*d + v. What is the hundreds digit of (d/5)/((-30)/(-3225)) - -4?
1
Let w = 90 + -106. Let f(z) = -z**3 - 15*z**2 + 14*z - 3. Let x be f(w). Let s = -28 + x. What is the units digit of s?
1
Suppose 253*w - 7843 = 230*w. Suppose -b + w = -r + 965, -4*r + 2504 = -2*b. What is the tens digit of r?
2
Let h = -6529 + 15322. What is the units digit of h?
3
Let w = 47536 + -26158. What is the ten thousands digit of w?
2
Suppose 0 = 4*x - g - 105, 2*x + x + 2*g - 76 = 0. Suppose -4 - x = -2*a. Suppose 0 = -13*j + a*j - 198. What is the units digit of j?
9
Let a be -1*(-36)/8*(-24)/(-9). Let i(r) = 1. Let k(m) = 3*m + 9. Let z(f) = a*i(f) + k(f). What is the units digit of z(14)?
3
Suppose 0 = -17*x - 110 - 230. What is the thousands digit of 1076 - -5*(-8)/x?
1
Let u = -193 + 195. Suppose u*z - 3*z + 4*a = -304, 636 = 2*z - a. What is the tens digit of z?
2
Let f(d) = -5*d